 2. What is s(-7)?
5
Let b(a) = 3*a + 2. Calculate b(-2).
-4
Let l(d) = 7*d + 8. Determine l(-2).
-6
Let w(d) = d + 4. Give w(-5).
-1
Let a(u) = -u**3 - 6*u**2 - 4*u. Determine a(-6).
24
Let r(t) = 6*t + 18. Give r(-2).
6
Let o(y) = y**2 - 12*y + 3. Give o(12).
3
Let q(g) = g**3 + 7*g**2 + 8*g - 11. Calculate q(-7).
-67
Let p(m) = m - 11. Give p(16).
5
Let d(i) = -i**2 - 9*i + 35. Determine d(4).
-17
Let n(a) = -a**2 + 5*a + 4. Calculate n(6).
-2
Let t(y) = -15*y + 243. What is t(16)?
3
Let x(w) = w**3 + 4*w**2 - 80*w - 27. Determine x(-11).
6
Let s(l) = 25*l**3 + 1. What is s(1)?
26
Let h(b) = 4*b - 48. Determine h(14).
8
Let x(n) = -n**3 + 3*n**2 + 7*n - 5. Determine x(6).
-71
Let x(a) = -a**2 - 17*a - 25. Give x(-11).
41
Let h(v) = -v**3 - v**2 + 19*v - 35. What is h(2)?
-9
Let s(b) = 2*b**3 - 38*b**2 + 3*b + 8. Determine s(19).
65
Let w(b) = b + 97. Calculate w(0).
97
Let c(h) = -h**3 + 16*h**2 + 19*h - 20. Calculate c(17).
14
Let z(y) = 2*y**2 + 23*y - 9. Give z(-12).
3
Let r(k) = -6*k + 12. Give r(4).
-12
Let k(p) = p**2 - 8*p + 3. Calculate k(7).
-4
Let l(r) = -r**3 + 4*r**2 + 4*r + 3. Determine l(4).
19
Let l(i) = -3*i**2 - i + 2. What is l(4)?
-50
Let p(y) = y**3 - 40*y**2 - 86*y + 80. Give p(42).
-4
Let q(g) = g**3 + 3*g**2 + 4*g + 4. Calculate q(-2).
0
Let g(t) = -t**3 + 20*t**2 + 2*t - 17. Give g(20).
23
Let k(i) = 24*i + 4. What is k(2)?
52
Let v(k) = -k**2 - 8*k - 7. What is v(-6)?
5
Let p(h) = -3*h + 19. What is p(6)?
1
Let a(c) = -7*c**3 + c**2 - c - 2. What is a(-1)?
7
Let v(f) = -7*f - 17. Calculate v(-2).
-3
Let n(o) = -o**2 - 15*o - 10. Determine n(-8).
46
Let y(p) = -p**3 + 8*p**2 - p + 3. Determine y(7).
45
Let u(p) = 5*p**3 + 3*p - 3. Give u(1).
5
Let p(o) = 2*o**3 - o**2 - o - 1. Calculate p(-1).
-3
Let b(n) = -2*n - 32. Determine b(-12).
-8
Let t(g) = g**3 + 6*g**2 + 6*g - 6. Determine t(-6).
-42
Let k(i) = -i - 2. Determine k(-8).
6
Let v(o) = o**3 + 5*o**2 + o - 1. Give v(-5).
-6
Let f(t) = -t**2 + 12*t + 1. Give f(12).
1
Let w(f) = 9*f. Calculate w(-1).
-9
Let x(h) = -3*h**2 + 53*h + 5. Calculate x(18).
-13
Let m(j) = -6*j + 65. Determine m(20).
-55
Let m(h) = -4*h - 14. Give m(-6).
10
Let v(c) = -2*c**3 + 10*c - 17. Give v(2).
-13
Let k(m) = 126*m + 248. What is k(-2)?
-4
Let c(i) = -2*i**2 - 16*i - 16. Calculate c(-6).
8
Let j(u) = 2*u**2 + 11*u - 6. Determine j(-5).
-11
Let q(p) = 4*p**2 - 21*p + 11. What is q(6)?
29
Let g(y) = y**3 - 12*y**2 - 15*y + 23. What is g(13)?
-3
Let o(a) = 2*a**2 + 97*a + 138. Give o(-47).
-3
Let y(s) = 4*s - 35. What is y(12)?
13
Let s(u) = u**3 + 7*u**2 + 8*u + 4. Give s(-4).
20
Let k(n) = -14*n - 11. Calculate k(-4).
45
Let f(j) = -j**3 - 12*j**2 + 12*j - 17. Calculate f(-13).
-4
Let g(x) = 3*x**2 - 38*x - 12. Calculate g(13).
1
Let m(f) = 6*f + 1. Give m(3).
19
Let n(u) = -u**2 + 28*u + 91. Calculate n(31).
-2
Let q(g) = 7*g - 154. Determine q(22).
0
Let u(z) = 37*z**3 + 3*z**2 + 4*z + 2. What is u(-1)?
-36
Let w(i) = 10*i - 493. Determine w(50).
7
Let d(a) = a**2 - 10*a - 46. What is d(16)?
50
Let h(r) = r**3 + r**2 - 2*r + 1. Calculate h(-2).
1
Let z(y) = -2*y**3 + 6*y**2 - 2. What is z(2)?
6
Let h(n) = -20*n - 16. Give h(-1).
4
Let i(n) = -4*n**3 + 3*n**2 + 6*n + 5. Calculate i(-1).
6
Let x(m) = 4*m + 19. Calculate x(-4).
3
Let a(r) = 2*r**3 + 107*r**2 - 55*r - 58. Calculate a(-54).
-4
Let q(z) = z + 9. Give q(-12).
-3
Let l(n) = -n**2 + 8*n + 23. What is l(11)?
-10
Let b(s) = -2*s**2 - 27*s - 5. Give b(-16).
-85
Let q(o) = -o**3 + 8*o**2 - 5*o. Determine q(7).
14
Let m(p) = -p**3 - 4*p**2 + 5*p + 7. Calculate m(-5).
7
Let g(m) = m**3 + 6*m**2 + 6*m + 1. Give g(-5).
-4
Let r(a) = -a - 4. What is r(-3)?
-1
Let u(k) = -k**3 + 8*k**2 + 11*k - 17. What is u(9)?
1
Let v(a) = a**2 + 3*a + 2. Determine v(-8).
42
Let c(q) = q**2 - q + 5. What is c(6)?
35
Let r(k) = -10*k + 57. Give r(7).
-13
Let g(j) = 2*j**3 - 16*j**2 - 18*j - 15. Give g(9).
-15
Let g(l) = l**2 - 5*l - 21. Calculate g(9).
15
Let c(g) = g - 8. Determine c(0).
-8
Let s(v) = -22*v - 1. Give s(-1).
21
Let u(y) = -y**2 - 11*y - 11. What is u(-10)?
-1
Let l(f) = 24*f + 4. Give l(2).
52
Let z(q) = q - 42. Give z(36).
-6
Let j(z) = 5*z + 2. Give j(-1).
-3
Let f(t) = -22*t**2 + 1. Calculate f(1).
-21
Let c(k) = k**3 + 10*k**2 + 9*k + 5. Determine c(-9).
5
Let y(q) = -63*q - 8. What is y(2)?
-134
Let p(w) = -23*w + 75. Determine p(3).
6
Let c(n) = -n**2 + 32*n - 30. Determine c(32).
-30
Let v(k) = 12*k - 12. Determine v(1).
0
Let n(i) = 14*i + 1072. Determine n(-76).
8
Let o(i) = -3*i - 25. Calculate o(7).
-46
Let p(i) = -i - 7. Determine p(0).
-7
Let c(y) = -y**3 - 15*y**2 - y - 14. What is c(-15)?
1
Let f(k) = -k**2 - 7*k + 1. Give f(-8).
-7
Let f(x) = x**3 + 11*x**2 + 15*x - 1. Determine f(-9).
26
Let d(v) = -v**2 + 12*v + 30. Determine d(14).
2
Let w(j) = -j**3 + 10*j**2 - 13*j - 4. Give w(8).
20
Let s(t) = -t**3 + 6*t**2 + t + 14. Give s(7).
-28
Let p(m) = m**2 - 13*m + 89. Calculate p(9).
53
Let a(d) = 23*d**3 - 2*d**2 + 1. Give a(1).
22
Let o(t) = -48*t + 141. Calculate o(3).
-3
Let j(y) = 27*y + 56. Calculate j(-2).
2
Let w(k) = 20*k - 1004. Give w(50).
-4
Let o(l) = -23*l + 177. What is o(8)?
-7
Let b(j) = 2*j**2 - 32*j + 123. Give b(9).
-3
Let f(s) = -2*s - 16. Calculate f(0).
-16
Let c(s) = -2*s**2 - 16*s - 4. What is c(-8)?
-4
Let q(c) = -2*c**2 - 19*c - 25. What is q(-8)?
-1
Let j(k) = 3*k. Give j(4).
12
Let a(l) = 4*l - 69. Calculate a(13).
-17
Let d(x) = -4*x**2 - 58*x + 3. Calculate d(-13).
81
Let k(p) = -5*p - 19. Give k(3).
-34
Let f(v) = -v**2 + v + 7. Determine f(5).
-13
Let w(r) = -15*r + 2. Give w(2).
-28
Let x(y) = -y**3 + 5*y**2 + 4*y + 4. Give x(6).
-8
Let j(o) = -o + 9. Calculate j(10).
-1
Let a(d) = -d**3 + 3*d**2 + 3*d - 3. Calculate a(3).
6
Let q(r) = 4*r + 1. Give q(4).
17
Let v(u) = 9*u. What is v(-1)?
-9
Let n(c) = -2*c + 2. Determine n(5).
-8
Let l(t) = t**2 - 9*t - 7. Calculate l(-6).
83
Let z(p) = -3*p - 18. What is z(10)?
-48
Let s(f) = -f + 4. Determine s(1).
3
Let t(a) = a**3 + 9*a**2 + 13*a - 2. Calculate t(-9).
-119
Let s(i) = -i + 1. Calculate s(7).
-6
Let p(s) = s**2 - 4*s + 6. What is p(4)?
6
Let g(i) = -2*i**2 - 2*i + 36. Give g(-6).
-24
Let m(t) = -2*t + 31. Give m(10).
11
Let z(x) = -x**2 + 9*x + 1. What is z(8)?
9
Let o(t) = -t**2 - 7*t - 6. What is o(-3)?
6
Let f(v) = 2*v**3 - 14*v**2 - 3*v - 4. Calculate f(7).
-25
Let u(s) = -2*s**3 - 90*s**2 + 188*s - 14. Give u(-47).
-14
Let v(d) = -2*d. Determine v(-4).
8
Let s(b) = b**2 + 8*b - 4. Calculate s(-7).
-11
Let o(v) = -v**3 - 15*v**2 - 14*v - 1. Calculate o(-14).
-1
Let d(x) = 11*x - 503. What is d(46)?
3
Let r(o) = 2*o**3 + 73*o**2 + 39*o + 85. Give r(-36).
-23
Let x(p) = -p**2 + 8*p. Calculate x(10).
-20
Let j(g) = g**3 - 5*g**2 - 11*g + 25. Give j(4).
-35
Let k(x) = -x**3 - 9*x**2 - 8*x + 10. Determine k(-8).
10
Let w(m) = -m**2 - 2*m + 14. What is w(3)?
-1
Let y(d) = -d**3 - 4*d**2 - d - 2. Determine y(-3).
-8
Let u(v) = -v**3 - 8*v**2 + 3*v + 7. What is u(-7)?
-63
Let k(b) = b**2 - 2*b - 5. Calculate k(6).
19
Let d(v) = -v**2 - 7*v - 2. What is d(-7)?
-2
Let h(a) = -2*a - 11. Determine h(-10).
9
Let w(x) = -3*x + 18. What is w(8)?
-6
Let s(c) = c**3 - 7*c**2 + 8*c - 68. Give s(7).
-12
Let x(k) = 2*k**3 + 9*k**2 + 8*k + 2. Calculate x(-3).
5
Let c(j) = j**3 - 10*j - 2. Give c(-3).
1
Let p(i) = -18*i**2 + 9*i + 23. What is p(-3)?
-166
Let j(x) = x**2 + 9*x - 13. Calculate j(-10).
-3
Let h(o) = o**3 - 3*o**2 + 8*o - 4. What is h(3)?
20
Let p(i) = 2*i**2 - i + 35. Calculate p(0).
35
Let g(x) = -6*x - 34. What is g(-7)?
8
Let k(w) = -w**3 - 5*w**2 - 6*w - 1. Determine k(-4).
7
Let t(m) = m**3 - 3*m**2 - 14*m + 26. Give t(5).
6
Let m(p) = p**3 + 5*p**2 - 7*p + 7. Calculate m(-6).
13
Let y(t) = -t + 5. What is y(-4)?
9
Let h(u) = u**2 + 2*u - 9. Calculate h(10).
111
Let p(v) = 11*v - 29. Determine p(0).
-29
Let m(l) = l**3 - 3*l**2 - 6*l + 6. Give m(5).
26
Let g(i) = -54*i - 348. Calculate g(-6).
-24
Let u(g) = g**3 - 9*g**2 + 8*g - 7. Determine u(8).
-7
Let i(l) = 5*l + 93. Determine i(-18).
3
Let n(j) = j**2 - 16*j + 58. Give n(11).
3
Let o(m) = -m**3 - 16*m**2 + 2. Determine o(-16).
2
Let i(x) = -39*x**3 + 2*x**2 - 2*x - 2. Give i(-1).
41
Let l(r) = -4*r**2 - 4*r. What is l(5)?
-120
Let v(d) = d**3 - d + 11. Give v(0).
11
Let 